hat are the prime factors of 13464705?
3, 5, 897647
List the prime factors of 336379464.
2, 3, 4671937
List the prime factors of 17506661.
31, 37, 15263
List the prime factors of 329990790.
2, 3, 5, 37, 297289
What are the prime factors of 517200272?
2, 32325017
List the prime factors of 286525021.
17, 79, 191, 1117
What are the prime factors of 46367547?
3, 1123, 13763
What are the prime factors of 6515401728?
2, 3, 11, 23, 83, 101
List the prime factors of 74726607.
3, 24908869
What are the prime factors of 706927280?
2, 5, 101, 87491
List the prime factors of 11389765.
5, 199, 11447
What are the prime factors of 1279926998?
2, 7, 53, 1724969
What are the prime factors of 386567663?
2399, 161137
List the prime factors of 414568980.
2, 3, 5, 7, 19, 17317
List the prime factors of 1028715822.
2, 3, 19, 1002647
What are the prime factors of 1667133930?
2, 3, 5, 7, 11, 721703
List the prime factors of 136897769.
2777, 49297
List the prime factors of 89423123.
89423123
List the prime factors of 936397576.
2, 117049697
List the prime factors of 159197149.
159197149
What are the prime factors of 486669806?
2, 7, 31, 37, 30307
List the prime factors of 25268712.
2, 3, 7, 21487
List the prime factors of 1045266470.
2, 5, 104526647
What are the prime factors of 57077508?
2, 3, 4756459
What are the prime factors of 281461?
149, 1889
What are the prime factors of 5060320?
2, 5, 31627
List the prime factors of 199653494.
2, 99826747
What are the prime factors of 1389447063?
3, 31, 4980097
List the prime factors of 19491161.
29, 439, 1531
What are the prime factors of 246303040?
2, 5, 79, 9743
List the prime factors of 5473953196.
2, 1368488299
List the prime factors of 829816475.
5, 797, 41647
What are the prime factors of 3777610400?
2, 5, 19, 31, 8017
What are the prime factors of 26744103?
3, 31, 95857
List the prime factors of 601036894.
2, 59, 487, 10459
List the prime factors of 355493523.
3, 7, 11, 31, 4513
List the prime factors of 571224785.
5, 3659, 31223
What are the prime factors of 47978213?
139, 181, 1907
List the prime factors of 1423488.
2, 3, 11, 337
List the prime factors of 135253717.
17, 7956101
What are the prime factors of 177969603?
3, 7, 197, 43019
What are the prime factors of 366894660?
2, 3, 5, 11, 29, 661
List the prime factors of 4343242.
2, 2171621
List the prime factors of 594253626.
2, 3, 229, 432499
List the prime factors of 14880139.
14880139
List the prime factors of 417332169.
3, 19, 373, 727
List the prime factors of 42403385.
5, 8480677
What are the prime factors of 70227217?
227, 309371
What are the prime factors of 39476309?
39476309
What are the prime factors of 31101960?
2, 3, 5, 259183
List the prime factors of 321350038.
2, 79, 2033861
What are the prime factors of 7274625?
3, 5, 19, 1021
What are the prime factors of 1001269256?
2, 13, 9627589
What are the prime factors of 587693161?
11, 19, 1657, 1697
List the prime factors of 1436038667.
7, 499, 411119
List the prime factors of 64433543.
1283, 50221
What are the prime factors of 38380396?
2, 37, 173, 1499
What are the prime factors of 6049824046?
2, 7, 37, 73, 139, 1151
What are the prime factors of 5746485639?
3, 17, 112676189
What are the prime factors of 48611566?
2, 769, 31607
List the prime factors of 212505915.
3, 5, 14167061
List the prime factors of 420447142.
2, 1277, 164623
What are the prime factors of 8321944?
2, 167, 6229
What are the prime factors of 306965382?
2, 3, 51160897
List the prime factors of 711691671.
3, 237230557
What are the prime factors of 29487389?
929, 31741
What are the prime factors of 66740700?
2, 3, 5, 13, 109, 157
List the prime factors of 9563221949.
19, 97, 5188943
List the prime factors of 68565316.
2, 59, 290531
List the prime factors of 58543828.
2, 7, 298693
What are the prime factors of 223143874?
2, 47, 79, 151, 199
What are the prime factors of 21865995?
3, 5, 17, 101, 283
What are the prime factors of 4650575943?
3, 13, 119245537
List the prime factors of 211327323.
3, 17, 4143673
List the prime factors of 241128069.
3, 7, 13, 19, 29, 229
What are the prime factors of 510029454?
2, 3, 11, 197, 39227
What are the prime factors of 2118051446?
2, 7, 151289389
What are the prime factors of 3893763467?
11, 6263, 56519
List the prime factors of 144968348.
2, 7, 5177441
What are the prime factors of 81312654?
2, 3, 3023, 4483
List the prime factors of 911720957.
7, 130245851
What are the prime factors of 306035845?
5, 89, 687721
List the prime factors of 241416099.
3, 17, 525961
List the prime factors of 2875447871.
3049, 943079
What are the prime factors of 243458891?
13, 18727607
List the prime factors of 347153712.
2, 3, 19, 380651
List the prime factors of 201239586.
2, 3, 227, 16417
What are the prime factors of 2803929722?
2, 11, 3041, 41911
What are the prime factors of 85592474?
2, 11, 367, 10601
What are the prime factors of 757758968?
2, 94719871
What are the prime factors of 2355812729?
31, 331, 229589
List the prime factors of 103413151.
43, 2404957
List the prime factors of 885477322.
2, 23, 19249507
List the prime factors of 226787277.
3, 41, 71, 25969
List the prime factors of 128017533.
3, 7, 449, 13577
What are the prime factors of 692417352?
2, 3, 11, 1471, 1783
What are the prime factors of 42312764?
2, 13, 813707
List the prime factors of 279751709.
37, 7560857
List the prime factors of 93452140.
2, 5, 4672607
List the prime factors of 97594097.
347, 281251
What are the prime factors of 386837342?
2, 173, 1118027
What are the prime factors of 417571976?
2, 101, 271, 1907
List the prime factors of 272957481.
3, 30328609
List the prime factors of 4215541506.
2, 3, 11, 5806531
What are the prime factors of 1098360379?
19, 103, 5449
List the prime factors of 62513314.
2, 43, 726899
List the prime factors of 233965607.
131, 1153, 1549
List the prime factors of 2724027.
3, 631, 1439
What are the prime factors of 3238335?
3, 5, 71963
List the prime factors of 1976929694.
2, 17, 58144991
What are the prime factors of 5545723351?
7, 127, 6238159
List the prime factors of 195623063.
17, 109, 193, 547
List the prime factors of 9137348669.
103, 88712123
What are the prime factors of 937183371?
3, 41, 7619377
What are the prime factors of 24375303?
3, 902789
What are the prime factors of 106881729?
3, 2333, 15271
List the prime factors of 102688897.
102688897
List the prime factors of 729770913.
3, 8053, 10069
List the prime factors of 150601732.
2, 3947, 9539
List the prime factors of 1238989615.
5, 229, 523, 2069
What are the prime factors of 66236952?
2, 3, 2759873
List the prime factors of 238417753.
7, 991, 34369
List the prime factors of 224626148.
2, 1949, 28813
List the prime factors of 43086344.
2, 7, 29, 43, 617
What are the prime factors of 38718055?
5, 7743611
What are the prime factors of 87307653?
3, 61, 477091
List the prime factors of 1601078060.
2, 5, 37, 53, 40823
What are the prime factors of 954154287?
3, 23, 4609441
What are the prime factors of 292811078?
2, 7, 103, 251, 809
What are the prime factors of 61714401?
3, 7, 83, 35407
What are the prime factors of 214606987?
7, 3257, 9413
What are the prime factors of 6472687?
13, 497899
List the prime factors of 45729032.
2, 353, 16193
What are the prime factors of 704631485?
5, 140926297
List the prime factors of 907510459.
907510459
List the prime factors of 25199417.
25199417
What are the prime factors of 64475773?
64475773
What are the prime factors of 56588034?
2, 3, 223, 42293
List the prime factors of 122569256.
2, 1201, 12757
List the prime factors of 6584607.
3, 731623
List the prime factors of 76221693.
3, 17, 498181
What are the prime factors of 679878486?
2, 3, 7, 103, 52387
What are the prime factors of 1004282910?
2, 3, 5, 11158699
What are the prime factors of 40898168?
2, 5112271
List the prime factors of 406609226.
2, 23, 8839331
What are the prime factors of 50542638?
2, 3, 23, 307, 1193
List the prime factors of 41594914.
2, 19, 1094603
What are the prime factors of 1786166592?
2, 3, 7, 19, 113, 619
List the prime factors of 103875802.
2, 61, 257, 3313
What are the prime factors of 92007360?
2, 3, 5, 23, 463
List the prime factors of 298406567.
298406567
What are the prime factors of 17140337?
19, 41, 22003
What are the p